{"id":346,"date":"2025-10-23T17:36:25","date_gmt":"2025-10-23T17:36:25","guid":{"rendered":"https:\/\/www.oliver-lutz.com\/?page_id=346"},"modified":"2025-10-23T17:46:24","modified_gmt":"2025-10-23T17:46:24","slug":"live","status":"publish","type":"page","link":"https:\/\/www.oliver-lutz.com\/?page_id=346","title":{"rendered":"LIVE"},"content":{"rendered":"<h3 style=\"text-align: center;\">2025<\/h3>\n<h5 style=\"text-align: center;\">October, 24th &#8211; RE:CALAMARI &#8211; Romanfabrik, Frankfurt a.M.<\/h5>\n<h5 style=\"text-align: center;\">October, 25th &#8211; CTO &#8211; privat Party<\/h5>\n<h5 style=\"text-align: center;\">October 27th &#8211; Wenger\/ Lutz\/ Smock &#8211; Heimathirsch, K\u00f6ln<\/h5>\n<h5 style=\"text-align: center;\">November, 1st &#8211; SALOMEA &#8211; Ueberjazz, Hamburg<\/h5>\n<h5 style=\"text-align: center;\">November, 6th &#8211; SALOMEA &#8211; Ingolst\u00e4dter Jazztage<\/h5>\n<h5 style=\"text-align: center;\">November, 15th &#8211; Alex Parzhuber Trio &#8211; Schorndorf<\/h5>\n<h5 style=\"text-align: center;\">December, 6th &#8211; Menzel Mutzke Quartett &#8211; Lahr<\/h5>\n<h5 style=\"text-align: center;\">December, 19th &#8211; CTO &#8211; Jazzkeller, Frankfurt a.M.<\/h5>\n<h3 style=\"text-align: center;\">2026<\/h3>\n<h5 style=\"text-align: center;\">January, 5th-10th &#8211; Rainer Tempel Gigs + Album Recording &#8211; Ludwigsburg\/ T\u00fcbingen<\/h5>\n<h5 style=\"text-align: center;\">January, 24th &#8211; RE:CALAMARI &#8211; Jazzhall, Hamburg<\/h5>\n<h5 style=\"text-align: center;\">January, 29th &#8211; Alexander Parzhuber Trio &#8211; Jazzklub, Karlsruhe<\/h5>\n<h5 style=\"text-align: center;\">February, 20th &#8211; Christoph M\u00f6ckel Trio &#8211; Schw\u00e4bisch Gm\u00fcnd<\/h5>\n<h5 style=\"text-align: center;\">February, 21st &#8211; Christoph M\u00f6ckel Trio &#8211; Reutlingen<\/h5>\n<h5 style=\"text-align: center;\"><\/h5>\n","protected":false},"excerpt":{"rendered":"<p>2025 October, 24th &#8211; RE:CALAMARI &#8211; Romanfabrik, Frankfurt a.M. October, 25th &#8211; CTO &#8211; privat Party October 27th &#8211; Wenger\/ Lutz\/ Smock &#8211; Heimathirsch, K\u00f6ln November, 1st &#8211; SALOMEA &#8211; Ueberjazz, Hamburg November, 6th &#8211; SALOMEA &#8211; Ingolst\u00e4dter Jazztage November, 15th &#8211; Alex Parzhuber Trio &#8211; Schorndorf December, 6th &#8211; Menzel Mutzke Quartett &#8211; Lahr [&hellip;]<\/p>\n","protected":false},"author":1,"featured_media":0,"parent":0,"menu_order":0,"comment_status":"closed","ping_status":"closed","template":"","meta":{"footnotes":""},"class_list":["post-346","page","type-page","status-publish","hentry"],"_links":{"self":[{"href":"https:\/\/www.oliver-lutz.com\/index.php?rest_route=\/wp\/v2\/pages\/346","targetHints":{"allow":["GET"]}}],"collection":[{"href":"https:\/\/www.oliver-lutz.com\/index.php?rest_route=\/wp\/v2\/pages"}],"about":[{"href":"https:\/\/www.oliver-lutz.com\/index.php?rest_route=\/wp\/v2\/types\/page"}],"author":[{"embeddable":true,"href":"https:\/\/www.oliver-lutz.com\/index.php?rest_route=\/wp\/v2\/users\/1"}],"replies":[{"embeddable":true,"href":"https:\/\/www.oliver-lutz.com\/index.php?rest_route=%2Fwp%2Fv2%2Fcomments&post=346"}],"version-history":[{"count":5,"href":"https:\/\/www.oliver-lutz.com\/index.php?rest_route=\/wp\/v2\/pages\/346\/revisions"}],"predecessor-version":[{"id":353,"href":"https:\/\/www.oliver-lutz.com\/index.php?rest_route=\/wp\/v2\/pages\/346\/revisions\/353"}],"wp:attachment":[{"href":"https:\/\/www.oliver-lutz.com\/index.php?rest_route=%2Fwp%2Fv2%2Fmedia&parent=346"}],"curies":[{"name":"wp","href":"https:\/\/api.w.org\/{rel}","templated":true}]}}

<h3 style="text-align: center;">2025</h3>
<h5 style="text-align: center;">October, 24th &#8211; RE:CALAMARI &#8211; Romanfabrik, Frankfurt a.M.</h5>
<h5 style="text-align: center;">October, 25th &#8211; CTO &#8211; privat Party</h5>
<h5 style="text-align: center;">October 27th &#8211; Wenger/ Lutz/ Smock &#8211; Heimathirsch, Köln</h5>
<h5 style="text-align: center;">November, 1st &#8211; SALOMEA &#8211; Ueberjazz, Hamburg</h5>
<h5 style="text-align: center;">November, 6th &#8211; SALOMEA &#8211; Ingolstädter Jazztage</h5>
<h5 style="text-align: center;">November, 15th &#8211; Alex Parzhuber Trio &#8211; Schorndorf</h5>
<h5 style="text-align: center;">December, 6th &#8211; Menzel Mutzke Quartett &#8211; Lahr</h5>
<h5 style="text-align: center;">December, 19th &#8211; CTO &#8211; Jazzkeller, Frankfurt a.M.</h5>
<h3 style="text-align: center;">2026</h3>
<h5 style="text-align: center;">January, 5th-10th &#8211; Rainer Tempel Gigs + Album Recording &#8211; Ludwigsburg/ Tübingen</h5>
<h5 style="text-align: center;">January, 24th &#8211; RE:CALAMARI &#8211; Jazzhall, Hamburg</h5>
<h5 style="text-align: center;">January, 29th &#8211; Alexander Parzhuber Trio &#8211; Jazzklub, Karlsruhe</h5>
<h5 style="text-align: center;">February, 20th &#8211; Christoph Möckel Trio &#8211; Schwäbisch Gmünd</h5>
<h5 style="text-align: center;">February, 21st &#8211; Christoph Möckel Trio &#8211; Reutlingen</h5>
<h5 style="text-align: center;"></h5>

<p>2025 October, 24th &#8211; RE:CALAMARI &#8211; Romanfabrik, Frankfurt a.M. October, 25th &#8211; CTO &#8211; privat Party October 27th &#8211; Wenger/ Lutz/ Smock &#8211; Heimathirsch, Köln November, 1st &#8211; SALOMEA &#8211; Ueberjazz, Hamburg November, 6th &#8211; SALOMEA &#8211; Ingolstädter Jazztage November, 15th &#8211; Alex Parzhuber Trio &#8211; Schorndorf December, 6th &#8211; Menzel Mutzke Quartett &#8211; Lahr [&hellip;]</p>
